{"id":3032,"date":"2020-05-29T08:15:15","date_gmt":"2020-05-29T08:15:15","guid":{"rendered":"http:\/\/www.ctce.ro\/site\/?post_type=product&#038;p=3032"},"modified":"2020-12-07T12:17:07","modified_gmt":"2020-12-07T09:17:07","slug":"facturare-si-urmarire-incasare-apacanalgunoi","status":"publish","type":"product","link":"https:\/\/www.ctce.ro\/site\/produs\/facturare-si-urmarire-incasare-apacanalgunoi\/","title":{"rendered":"Facturare \u0219i urm\u0103rire \u00eencasare Ap\u0103, Canal, Gunoi"},"content":{"rendered":"","protected":false},"excerpt":{"rendered":"<p>&nbsp;<\/p>\n<p>Programul permite emiterea facturilor standard \u0219i a facturilor dedicate consumului de ap\u0103 \u0219i pau\u0219al, canal \u0219i gunoi.<\/p>\n<p>De asemenea, \u00eencasarea facturilor emise poate fi realizat\u0103 \u00een dou\u0103 moduri: pe fiecare factur\u0103 a unui client se specific\u0103 suma \u00eencasat\u0103 sau alegerea unui client, completarea sumei \u00eencasate \u0219i stingerea facturilor restante \u00een mod automat prin distribuirea sumelor.<\/p>\n<p>Pentru o urm\u0103rire \u00een ansamblu a borderoului de \u00eencas\u0103ri, a centralizatoarelor de facturi, balan\u021belor sau jurnalelor, aplica\u021bia pune la dispozi\u021bie liste pentru urm\u0103rirea clien\u021bilor.<\/p>\n","protected":false},"featured_media":3060,"template":"","meta":[],"product_brand":[],"product_cat":[51],"product_tag":[],"class_list":{"0":"post-3032","1":"product","2":"type-product","3":"status-publish","4":"has-post-thumbnail","6":"product_cat-solutii-economice","8":"first","9":"instock","10":"shipping-taxable","11":"product-type-simple"},"_links":{"self":[{"href":"https:\/\/www.ctce.ro\/site\/wp-json\/wp\/v2\/product\/3032","targetHints":{"allow":["GET"]}}],"collection":[{"href":"https:\/\/www.ctce.ro\/site\/wp-json\/wp\/v2\/product"}],"about":[{"href":"https:\/\/www.ctce.ro\/site\/wp-json\/wp\/v2\/types\/product"}],"wp:featuredmedia":[{"embeddable":true,"href":"https:\/\/www.ctce.ro\/site\/wp-json\/wp\/v2\/media\/3060"}],"wp:attachment":[{"href":"https:\/\/www.ctce.ro\/site\/wp-json\/wp\/v2\/media?parent=3032"}],"wp:term":[{"taxonomy":"product_brand","embeddable":true,"href":"https:\/\/www.ctce.ro\/site\/wp-json\/wp\/v2\/product_brand?post=3032"},{"taxonomy":"product_cat","embeddable":true,"href":"https:\/\/www.ctce.ro\/site\/wp-json\/wp\/v2\/product_cat?post=3032"},{"taxonomy":"product_tag","embeddable":true,"href":"https:\/\/www.ctce.ro\/site\/wp-json\/wp\/v2\/product_tag?post=3032"}],"curies":[{"name":"wp","href":"https:\/\/api.w.org\/{rel}","templated":true}]}}